{"id":255,"date":"2010-12-22T23:40:42","date_gmt":"2010-12-22T22:40:42","guid":{"rendered":"http:\/\/www.loscrigno.it\/beautycase\/?page_id=255"},"modified":"2018-05-24T23:04:30","modified_gmt":"2018-05-24T21:04:30","slug":"contatti","status":"publish","type":"page","link":"https:\/\/www.loscrigno.it\/beautycase\/index.php\/contatti\/","title":{"rendered":"Contatti"},"content":{"rendered":"<div class=\"wpb-content-wrapper\">[vc_row column_padding=&#8221;false&#8221; full_width_row=&#8221;true&#8221; vertical_center=&#8221;&#8221; enable_parallax=&#8221;&#8221; parallax_speed=&#8221;0.5&#8243; mouse_scroll=&#8221;&#8221;][vc_column]<img loading=\"lazy\" decoding=\"async\" width=\"2000\" height=\"350\" src=\"data:image\/gif;base64,R0lGODlhAQABAAAAACH5BAEKAAEALAAAAAABAAEAAAICTAEAOw==\" class=\"thb_image  left full  attachment-full thb-lazyload lazyload\" alt=\"\" title=\"BCBContatti-2\" sizes=\"auto, (max-width: 2000px) 100vw, 2000px\" data-src=\"https:\/\/www.loscrigno.it\/beautycase\/wp-content\/uploads\/2015\/05\/BCBContatti-2-1.jpg\" data-sizes=\"auto\" data-srcset=\"https:\/\/www.loscrigno.it\/beautycase\/wp-content\/uploads\/2015\/05\/BCBContatti-2-1.jpg 2000w, https:\/\/www.loscrigno.it\/beautycase\/wp-content\/uploads\/2015\/05\/BCBContatti-2-1-232x41.jpg 232w, https:\/\/www.loscrigno.it\/beautycase\/wp-content\/uploads\/2015\/05\/BCBContatti-2-1-600x105.jpg 600w, https:\/\/www.loscrigno.it\/beautycase\/wp-content\/uploads\/2015\/05\/BCBContatti-2-1-768x134.jpg 768w, https:\/\/www.loscrigno.it\/beautycase\/wp-content\/uploads\/2015\/05\/BCBContatti-2-1-1024x179.jpg 1024w\" \/>[\/vc_column][\/vc_row][vc_row css=&#8221;.vc_custom_1430856317055{margin-bottom: 60px !important;}&#8221; vertical_center=&#8221;&#8221; enable_parallax=&#8221;&#8221; parallax_speed=&#8221;0.5&#8243; mouse_scroll=&#8221;&#8221;][vc_column width=&#8221;7\/12&#8243; css=&#8221;.vc_custom_1430856122668{margin-top: -80px !important;padding-top: 30px !important;padding-right: 30px !important;padding-bottom: 30px !important;padding-left: 30px !important;background-color: #ffffff !important;}&#8221;][vc_column_text]\n<h1>How can <em>I<\/em>\u00a0<em><strong>help<\/strong><\/em>?<\/h1>\n[\/vc_column_text]<aside class=\"gap cf\" style=\"height:70px;\"><\/aside>[vc_column_text]\n<h4><strong>Get In Touch<\/strong><\/h4>\n<p>Questo \u00e8 un luogo di <strong><em>condivisione<\/em><\/strong>. Se vuoi porre una domanda, lasciare un commento, suggerire un prodotto che ami o se vuoi semplicemente fare quattro chiacchiere a tema beauty,\u00a0<strong><em>scrivimi<\/em> <\/strong>senza timore:<\/p>\n<p style=\"text-align: center;\"><span class=\"inline-icon icon-3x no-link\"><i class=\"fa Envelope icon-3x\"><\/i><\/span> <strong>beautycaseblog@gmail.com<\/strong><\/p>\n<p style=\"text-align: left;\">In alternativa puoi trovare me e <em><strong>tante cose belle<\/strong><\/em> su <a href=\"http:\/\/www.facebook.com\/beautycaseblog\">Facebook<\/a>, <a href=\"http:\/\/www.instagram.com\/beautycaseblog\">Twitter<\/a>,\u00a0<a href=\"http:\/\/www.instagram.com\/beautycaseblog\">Instagram<\/a>\u00a0e <a href=\"http:\/\/www.youtube.com\/user\/attricepercaso\">Youtube<\/a>. <em>Ti aspetto!<\/em><\/p>\n[\/vc_column_text]<aside class=\"gap cf\" style=\"height:30px;\"><\/aside><aside class=\"gap cf\" style=\"height:30px;\"><\/aside>[vc_column_text]\n<h4><em><strong>Business <\/strong><\/em><strong>and<\/strong><em><strong> Press<\/strong><\/em><\/h4>\n<p>For <em><strong>Business and Press Enquiries<\/strong><\/em>, please do not hesitate to email me (Marica) at:<\/p>\n<p style=\"text-align: center;\"><strong>beautycaseblog@gmail.com<\/strong><\/p>\n[\/vc_column_text]<aside class=\"gap cf\" style=\"height:30px;\"><\/aside>[\/vc_column][vc_column width=&#8221;5\/12&#8243; el_class=&#8221;text-center&#8221;]<aside class=\"gap cf\" style=\"height:60px;\"><\/aside>\t<div class=\"category_container style2\">\n\t\t<div class=\"inner\">\n\t\t\t[vc_column_text]\n<h4><strong>Restiamo in contatto<\/strong>.<\/h4>\n<p>Per restare sempre aggiornata e non perderci di vista iscriviti ai miei canali social:<\/p>\n<a href=\"http:\/\/www.facebook.com\/beautycaseblog\" class=\"boxed-icon fill facebook icon-4x\"><i class=\"fa fa-facebook\"><\/i><\/a>\u00a0<a href=\"http:\/\/www.twitter.com\/beautycaseblog\" class=\"boxed-icon fill twitter icon-4x\"><i class=\"fa fa-twitter\"><\/i><\/a>\u00a0<a href=\"http:\/\/www.instagram.com\/beautycaseblog\" class=\"boxed-icon fill instagram icon-4x\"><i class=\"fa fa-instagram\"><\/i><\/a> <a href=\"http:\/\/www.youtube.com\/user\/attricepercaso\" class=\"boxed-icon fill youtube icon-4x\"><i class=\"fa fa-youtube\"><\/i><\/a>[\/vc_column_text]\t\t<\/div>\n\t<\/div>\n\n\t<aside class=\"gap cf\" style=\"height:30px;\"><\/aside>\t<div class=\"category_container style2\">\n\t\t<div class=\"inner\">\n\t\t\t[vc_column_text]\n<h4><strong><em>About<\/em>: tutto su di me<\/strong><\/h4>\n<p>Se vuoi saperne di pi\u00f9 su di me <a href=\"https:\/\/www.loscrigno.it\/beautycase\/index.php\/ma-tu-chi-sei\/\">qui trovi<\/a><em><a href=\"https:\/\/www.loscrigno.it\/beautycase\/index.php\/ma-tu-chi-sei\/\"> il mio profilo<\/a>.<\/em><\/p>\n<h4><\/h4>\n[\/vc_column_text]\t\t<\/div>\n\t<\/div>\n\n\t<aside class=\"gap cf\" style=\"height:30px;\"><\/aside>\t<div class=\"category_container style2\">\n\t\t<div class=\"inner\">\n\t\t\t[vc_column_text]\n<h4><\/h4>\n<h4>Perch\u00e9 fai la <strong><em>Beauty Blogger<\/em>?<\/strong><\/h4>\n<p><a href=\"https:\/\/www.loscrigno.it\/beautycase\/index.php\/about\/\">Qui trovi le <em>risposte<\/em><\/a> a tutte le domande che vengono solitamente poste ad una ragazza che ha deciso\u00a0di aprire un blog, spinta dalla voglia di condividere la sua passione per il make-up e la cosmesi. Se hai altri interrogativi non esitare a pormeli!<\/p>\n[\/vc_column_text]\t\t<\/div>\n\t<\/div>\n\n\t[\/vc_column][\/vc_row]\n<\/div>","protected":false},"excerpt":{"rendered":"<p>[vc_row column_padding=&#8221;false&#8221; full_width_row=&#8221;true&#8221; vertical_center=&#8221;&#8221; enable_parallax=&#8221;&#8221; parallax_speed=&#8221;0.5&#8243; mouse_scroll=&#8221;&#8221;][vc_column][\/vc_column][\/vc_row][vc_row css=&#8221;.vc_custom_1430856317055{margin-bottom: 60px !important;}&#8221; vertical_center=&#8221;&#8221; enable_parallax=&#8221;&#8221; parallax_speed=&#8221;0.5&#8243; mouse_scroll=&#8221;&#8221;][vc_column width=&#8221;7\/12&#8243; css=&#8221;.vc_custom_1430856122668{margin-top: -80px !important;padding-top: 30px !important;padding-right: 30px !important;padding-bottom: 30px !important;padding-left: 30px !important;background-color: #ffffff !important;}&#8221;][vc_column_text] How can I\u00a0help? [\/vc_column_text][vc_column_text] Get In Touch Questo \u00e8 un luogo di condivisione. Se vuoi porre una domanda, lasciare un commento, suggerire un prodotto che ami o&hellip;<\/p>\n","protected":false},"author":1,"featured_media":0,"parent":0,"menu_order":4,"comment_status":"open","ping_status":"closed","template":"","meta":{"footnotes":""},"class_list":["post-255","page","type-page","status-publish","hentry"],"featured_image_src":null,"yoast_head":"<!-- This site is optimized with the Yoast SEO plugin v27.5 - https:\/\/yoast.com\/product\/yoast-seo-wordpress\/ -->\r\n<title>Contatti - Beauty Case Blog - Beauty blog italiano su make-up e bellezza<\/title>\r\n<meta name=\"robots\" content=\"index, follow, max-snippet:-1, max-image-preview:large, max-video-preview:-1\" \/>\r\n<link rel=\"canonical\" href=\"https:\/\/www.loscrigno.it\/beautycase\/index.php\/contatti\/\" \/>\r\n<meta name=\"twitter:card\" content=\"summary_large_image\" \/>\r\n<meta name=\"twitter:title\" content=\"Contatti - Beauty Case Blog - Beauty blog italiano su make-up e bellezza\" \/>\r\n<meta name=\"twitter:description\" content=\"[vc_row column_padding=&#8221;false&#8221; full_width_row=&#8221;true&#8221; vertical_center=&#8221;&#8221; enable_parallax=&#8221;&#8221; parallax_speed=&#8221;0.5&#8243; mouse_scroll=&#8221;&#8221;][vc_column][\/vc_column][\/vc_row][vc_row css=&#8221;.vc_custom_1430856317055{margin-bottom: 60px !important;}&#8221; vertical_center=&#8221;&#8221; enable_parallax=&#8221;&#8221; parallax_speed=&#8221;0.5&#8243; mouse_scroll=&#8221;&#8221;][vc_column width=&#8221;7\/12&#8243; css=&#8221;.vc_custom_1430856122668{margin-top: -80px !important;padding-top: 30px !important;padding-right: 30px !important;padding-bottom: 30px !important;padding-left: 30px !important;background-color: #ffffff !important;}&#8221;][vc_column_text] How can I\u00a0help? [\/vc_column_text][vc_column_text] Get In Touch Questo \u00e8 un luogo di condivisione. Se vuoi porre una domanda, lasciare un commento, suggerire un prodotto che ami o&hellip;\" \/>\r\n<meta name=\"twitter:label1\" content=\"Tempo di lettura stimato\" \/>\n\t<meta name=\"twitter:data1\" content=\"2 minuti\" \/>\r\n<script type=\"application\/ld+json\" class=\"yoast-schema-graph\">{\"@context\":\"https:\\\/\\\/schema.org\",\"@graph\":[{\"@type\":\"WebPage\",\"@id\":\"https:\\\/\\\/www.loscrigno.it\\\/beautycase\\\/index.php\\\/contatti\\\/\",\"url\":\"https:\\\/\\\/www.loscrigno.it\\\/beautycase\\\/index.php\\\/contatti\\\/\",\"name\":\"Contatti - Beauty Case Blog - Beauty blog italiano su make-up e bellezza\",\"isPartOf\":{\"@id\":\"https:\\\/\\\/www.loscrigno.it\\\/beautycase\\\/#website\"},\"datePublished\":\"2010-12-22T22:40:42+00:00\",\"dateModified\":\"2018-05-24T21:04:30+00:00\",\"breadcrumb\":{\"@id\":\"https:\\\/\\\/www.loscrigno.it\\\/beautycase\\\/index.php\\\/contatti\\\/#breadcrumb\"},\"inLanguage\":\"it-IT\",\"potentialAction\":[{\"@type\":\"ReadAction\",\"target\":[\"https:\\\/\\\/www.loscrigno.it\\\/beautycase\\\/index.php\\\/contatti\\\/\"]}]},{\"@type\":\"BreadcrumbList\",\"@id\":\"https:\\\/\\\/www.loscrigno.it\\\/beautycase\\\/index.php\\\/contatti\\\/#breadcrumb\",\"itemListElement\":[{\"@type\":\"ListItem\",\"position\":1,\"name\":\"Home\",\"item\":\"https:\\\/\\\/www.loscrigno.it\\\/beautycase\\\/\"},{\"@type\":\"ListItem\",\"position\":2,\"name\":\"Contatti\"}]},{\"@type\":\"WebSite\",\"@id\":\"https:\\\/\\\/www.loscrigno.it\\\/beautycase\\\/#website\",\"url\":\"https:\\\/\\\/www.loscrigno.it\\\/beautycase\\\/\",\"name\":\"Beauty Case Blog - Beauty blog italiano su make-up e bellezza\",\"description\":\"Beauty Case Blog \u00e8 uno dei pi\u00f9 importanti beauty blog italiani. Leggi ora tutte le novit\u00e0 del mondo beauty e scopri i miei consigli su make-up e bellezza.\",\"potentialAction\":[{\"@type\":\"SearchAction\",\"target\":{\"@type\":\"EntryPoint\",\"urlTemplate\":\"https:\\\/\\\/www.loscrigno.it\\\/beautycase\\\/?s={search_term_string}\"},\"query-input\":{\"@type\":\"PropertyValueSpecification\",\"valueRequired\":true,\"valueName\":\"search_term_string\"}}],\"inLanguage\":\"it-IT\"}]}<\/script>\r\n<!-- \/ Yoast SEO plugin. -->","yoast_head_json":{"title":"Contatti - Beauty Case Blog - Beauty blog italiano su make-up e bellezza","robots":{"index":"index","follow":"follow","max-snippet":"max-snippet:-1","max-image-preview":"max-image-preview:large","max-video-preview":"max-video-preview:-1"},"canonical":"https:\/\/www.loscrigno.it\/beautycase\/index.php\/contatti\/","twitter_card":"summary_large_image","twitter_title":"Contatti - Beauty Case Blog - Beauty blog italiano su make-up e bellezza","twitter_description":"[vc_row column_padding=&#8221;false&#8221; full_width_row=&#8221;true&#8221; vertical_center=&#8221;&#8221; enable_parallax=&#8221;&#8221; parallax_speed=&#8221;0.5&#8243; mouse_scroll=&#8221;&#8221;][vc_column][\/vc_column][\/vc_row][vc_row css=&#8221;.vc_custom_1430856317055{margin-bottom: 60px !important;}&#8221; vertical_center=&#8221;&#8221; enable_parallax=&#8221;&#8221; parallax_speed=&#8221;0.5&#8243; mouse_scroll=&#8221;&#8221;][vc_column width=&#8221;7\/12&#8243; css=&#8221;.vc_custom_1430856122668{margin-top: -80px !important;padding-top: 30px !important;padding-right: 30px !important;padding-bottom: 30px !important;padding-left: 30px !important;background-color: #ffffff !important;}&#8221;][vc_column_text] How can I\u00a0help? [\/vc_column_text][vc_column_text] Get In Touch Questo \u00e8 un luogo di condivisione. Se vuoi porre una domanda, lasciare un commento, suggerire un prodotto che ami o&hellip;","twitter_misc":{"Tempo di lettura stimato":"2 minuti"},"schema":{"@context":"https:\/\/schema.org","@graph":[{"@type":"WebPage","@id":"https:\/\/www.loscrigno.it\/beautycase\/index.php\/contatti\/","url":"https:\/\/www.loscrigno.it\/beautycase\/index.php\/contatti\/","name":"Contatti - Beauty Case Blog - Beauty blog italiano su make-up e bellezza","isPartOf":{"@id":"https:\/\/www.loscrigno.it\/beautycase\/#website"},"datePublished":"2010-12-22T22:40:42+00:00","dateModified":"2018-05-24T21:04:30+00:00","breadcrumb":{"@id":"https:\/\/www.loscrigno.it\/beautycase\/index.php\/contatti\/#breadcrumb"},"inLanguage":"it-IT","potentialAction":[{"@type":"ReadAction","target":["https:\/\/www.loscrigno.it\/beautycase\/index.php\/contatti\/"]}]},{"@type":"BreadcrumbList","@id":"https:\/\/www.loscrigno.it\/beautycase\/index.php\/contatti\/#breadcrumb","itemListElement":[{"@type":"ListItem","position":1,"name":"Home","item":"https:\/\/www.loscrigno.it\/beautycase\/"},{"@type":"ListItem","position":2,"name":"Contatti"}]},{"@type":"WebSite","@id":"https:\/\/www.loscrigno.it\/beautycase\/#website","url":"https:\/\/www.loscrigno.it\/beautycase\/","name":"Beauty Case Blog - Beauty blog italiano su make-up e bellezza","description":"Beauty Case Blog \u00e8 uno dei pi\u00f9 importanti beauty blog italiani. Leggi ora tutte le novit\u00e0 del mondo beauty e scopri i miei consigli su make-up e bellezza.","potentialAction":[{"@type":"SearchAction","target":{"@type":"EntryPoint","urlTemplate":"https:\/\/www.loscrigno.it\/beautycase\/?s={search_term_string}"},"query-input":{"@type":"PropertyValueSpecification","valueRequired":true,"valueName":"search_term_string"}}],"inLanguage":"it-IT"}]}},"_links":{"self":[{"href":"https:\/\/www.loscrigno.it\/beautycase\/index.php\/wp-json\/wp\/v2\/pages\/255","targetHints":{"allow":["GET"]}}],"collection":[{"href":"https:\/\/www.loscrigno.it\/beautycase\/index.php\/wp-json\/wp\/v2\/pages"}],"about":[{"href":"https:\/\/www.loscrigno.it\/beautycase\/index.php\/wp-json\/wp\/v2\/types\/page"}],"author":[{"embeddable":true,"href":"https:\/\/www.loscrigno.it\/beautycase\/index.php\/wp-json\/wp\/v2\/users\/1"}],"replies":[{"embeddable":true,"href":"https:\/\/www.loscrigno.it\/beautycase\/index.php\/wp-json\/wp\/v2\/comments?post=255"}],"version-history":[{"count":11,"href":"https:\/\/www.loscrigno.it\/beautycase\/index.php\/wp-json\/wp\/v2\/pages\/255\/revisions"}],"predecessor-version":[{"id":18677,"href":"https:\/\/www.loscrigno.it\/beautycase\/index.php\/wp-json\/wp\/v2\/pages\/255\/revisions\/18677"}],"wp:attachment":[{"href":"https:\/\/www.loscrigno.it\/beautycase\/index.php\/wp-json\/wp\/v2\/media?parent=255"}],"curies":[{"name":"wp","href":"https:\/\/api.w.org\/{rel}","templated":true}]}}